2827158.
2, 3911, 10589
What are the prime factors of 91818461?
7, 23, 79, 7219
List the prime factors of 241431027.
3, 71, 1133479
What are the prime factors of 36521523?
3, 450883
List the prime factors of 807427508.
2, 59, 1607, 2129
What are the prime factors of 380840649?
3, 7, 2347, 7727
List the prime factors of 5250806678.
2, 13, 37, 61, 6883
What are the prime factors of 1658015887?
11, 43, 3505319
What are the prime factors of 2721321425?
5, 181, 601397
List the prime factors of 6120684802.
2, 197, 15534733
List the prime factors of 9237725835.
3, 5, 13, 67, 353, 2003
List the prime factors of 7643391676.
2, 1910847919
List the prime factors of 14682850.
2, 5, 7, 13, 461
List the prime factors of 769245048.
2, 3, 11, 13, 74713
List the prime factors of 58619755.
5, 23, 509737
List the prime factors of 229290768.
2, 3, 7, 227471
What are the prime factors of 33860370?
2, 3, 5, 23, 31, 1583
What are the prime factors of 128509252?
2, 41, 257, 3049
What are the prime factors of 62463762?
2, 3, 3470209
What are the prime factors of 19340927?
43, 97, 4637
What are the prime factors of 88522042?
2, 7, 6323003
List the prime factors of 53053819.
7, 13, 37, 2251
List the prime factors of 1501256171.
1501256171
What are the prime factors of 107798091?
3, 35932697
What are the prime factors of 320195458?
2, 11, 43, 338473
List the prime factors of 608847.
3, 202949
What are the prime factors of 76245225?
3, 5, 7, 20747
What are the prime factors of 731439882?
2, 3, 23, 196307
What are the prime factors of 874873012?
2, 13, 19, 43, 20593
List the prime factors of 1207610367.
3, 971, 414559
List the prime factors of 441957206.
2, 127, 379, 4591
What are the prime factors of 111507546?
2, 3, 521, 35671
What are the prime factors of 2380573910?
2, 5, 11, 13, 71, 23447
What are the prime factors of 181483168?
2, 47, 67, 1801
What are the prime factors of 53654113?
53654113
What are the prime factors of 69786550?
2, 5, 811, 1721
List the prime factors of 646692241.
13, 67, 193, 3847
List the prime factors of 2969243752.
2, 6977, 53197
What are the prime factors of 64453179?
3, 7, 131, 3347
What are the prime factors of 185997329?
7, 29, 919, 997
List the prime factors of 179495941.
179495941
List the prime factors of 3383317375.
5, 2003, 13513
List the prime factors of 81031935.
3, 5, 5402129
What are the prime factors of 835357428?
2, 3, 7734791
What are the prime factors of 1737380900?
2, 5, 19, 23, 83, 479
What are the prime factors of 603600273?
3, 47, 1426951
List the prime factors of 95854023.
3, 41, 1069
List the prime factors of 37663724.
2, 7, 79, 17027
List the prime factors of 1493519731.
11, 43, 3157547
What are the prime factors of 41521265?
5, 271, 30643
List the prime factors of 756515887.
41, 1723, 10709
List the prime factors of 57838593.
3, 19279531
What are the prime factors of 731216979?
3, 131, 620201
What are the prime factors of 1078766727?
3, 167, 2153227
List the prime factors of 1935503127.
3, 71685301
List the prime factors of 5903795411.
17, 23, 59, 255919
What are the prime factors of 562146161?
89, 6316249
List the prime factors of 670210998.
2, 3, 111701833
What are the prime factors of 1019155580?
2, 5, 50957779
What are the prime factors of 327717372?
2, 3, 27309781
List the prime factors of 130476525.
3, 5, 1739687
What are the prime factors of 252740?
2, 5, 12637
List the prime factors of 4710080281.
4710080281
List the prime factors of 341092817.
13, 41, 639949
What are the prime factors of 208659930?
2, 3, 5, 29, 373, 643
List the prime factors of 8291536.
2, 11, 47111
What are the prime factors of 15880882?
2, 743, 10687
List the prime factors of 61466766.
2, 3, 97, 105613
What are the prime factors of 19476919?
7, 11, 19, 13313
What are the prime factors of 44418609?
3, 419, 11779
What are the prime factors of 2258137436?
2, 564534359
What are the prime factors of 366151412?
2, 11, 79, 105337
List the prime factors of 710934006.
2, 3, 73, 1623137
What are the prime factors of 969562492?
2, 242390623
What are the prime factors of 100946233?
991, 101863
List the prime factors of 978582199.
7, 139797457
List the prime factors of 361091869.
283, 499, 2557
List the prime factors of 6192075.
3, 5, 82561
What are the prime factors of 7875447507?
3, 10803083
List the prime factors of 288491449.
29, 137, 72613
What are the prime factors of 1250574569?
29, 1487009
What are the prime factors of 3246111614?
2, 17, 41, 2328631
List the prime factors of 88304303.
1217, 72559
What are the prime factors of 18996997?
59, 321983
What are the prime factors of 6938684?
2, 37, 173, 271
What are the prime factors of 18947624?
2, 829, 2857
List the prime factors of 91969908.
2, 3, 59, 129901
What are the prime factors of 40749342?
2, 3, 61, 111337
List the prime factors of 75080245.
5, 17, 163, 5419
List the prime factors of 795137836.
2, 198784459
What are the prime factors of 64126612?
2, 11, 47, 2819
List the prime factors of 4625018342.
2, 7, 19, 23, 755969
What are the prime factors of 128328954?
2, 3, 13, 17, 96779
List the prime factors of 12204455.
5, 337, 7243
List the prime factors of 560440822.
2, 6563, 42697
What are the prime factors of 310189360?
2, 5, 13, 22943
What are the prime factors of 297192528?
2, 3, 19, 5717
List the prime factors of 10483399.
61, 89, 1931
What are the prime factors of 41374490?
2, 5, 4137449
List the prime factors of 58505905.
5, 23, 29, 53, 331
What are the prime factors of 529265466?
2, 3, 23, 1278419
What are the prime factors of 1555722705?
3, 5, 223, 465089
List the prime factors of 200490536.
2, 907, 27631
List the prime factors of 15202427.
15202427
List the prime factors of 3389252263.
3389252263
List the prime factors of 320279925.
3, 5, 7, 87151
List the prime factors of 29521641.
3, 31, 317437
List the prime factors of 30334841.
29, 1046029
List the prime factors of 184639798.
2, 7, 13188557
What are the prime factors of 872603080?
2, 5, 139, 156943
List the prime factors of 3542587364.
2, 17, 2311, 22543
List the prime factors of 1612170506.
2, 806085253
What are the prime factors of 103839785?
5, 7, 467, 6353
List the prime factors of 322389836.
2, 17, 79, 60013
What are the prime factors of 1290809827?
2539, 508393
List the prime factors of 47461704.
2, 3, 1977571
What are the prime factors of 1668288705?
3, 5, 111219247
List the prime factors of 594373261.
17, 31, 1061, 1063
What are the prime factors of 1726746417?
3, 11, 1937987
What are the prime factors of 171391199?
7, 127, 192791
List the prime factors of 1264622930.
2, 5, 53, 373, 6397
What are the prime factors of 7249848?
2, 3, 457, 661
What are the prime factors of 6434663665?
5, 977, 1317229
List the prime factors of 1361398647.
3, 7, 193, 257, 1307
What are the prime factors of 1761645893?
7, 17, 41, 51581
List the prime factors of 313914350.
2, 5, 17, 23, 16057
List the prime factors of 3915635718.
2, 3, 5119, 127487
What are the prime factors of 1493224?
2, 186653
What are the prime factors of 1232364?
2, 3, 7, 17, 863
What are the prime factors of 11453511?
3, 541, 7057
What are the prime factors of 997298938?
2, 498649469
List the prime factors of 8243158.
2, 7, 11, 53527
What are the prime factors of 1236371908?
2, 5237, 59021
What are the prime factors of 651556491?
3, 107, 1307, 1553
List the prime factors of 105528359.
443, 238213
List the prime factors of 24786624.
2, 3, 129097
List the prime factors of 23001470.
2, 5, 53, 43399
List the prime factors of 3137885365.
5, 627577073
What are the prime factors of 59133554?
2, 31, 79, 12073
List the prime factors of 1258995695.
5, 233, 1080683
List the prime factors of 1330384099.
11, 37, 233, 14029
List the prime factors of 344112883.
344112883
What are the prime factors of 54837912?
2, 3, 2284913
List the prime factors of 71005170.
2, 3, 5, 1471, 1609
What are the prime factors of 2036895647?
17, 2011, 59581
What are the prime factors of 2071093282?
2, 23, 2269, 19843
List the prime factors of 63126358.
2, 47, 671557
List the prime factors of 2218571183.
6203, 357661
List the prime factors of 2545803802.
2, 29, 53, 563, 1471
List the prime factors of 1466502769.
29, 61, 829001
What are the prime factors of 2761982569?
2761982569
What are the prime factors o